n base 10, what is -92752 - 13?
-92765
In base 16, what is 7 + 4fd?
504
In base 6, what is 10 + -14442?
-14432
In base 6, what is 5 - 133021?
-133012
In base 2, what is 11111 - -100101111011?
100110011010
In base 14, what is -35a37 - 4?
-35a3b
In base 13, what is -3 + -4051?
-4054
In base 13, what is 10275 - 12?
10263
In base 7, what is 2111 - 2?
2106
In base 9, what is -607 - 87?
-705
In base 8, what is 111 - 67?
22
In base 12, what is 0 + 9b3b?
9b3b
In base 13, what is 32624 + 2?
32626
In base 12, what is -4 + 2b838?
2b834
In base 8, what is -3134 + 3?
-3131
In base 5, what is -21 + 11340002?
11334431
In base 12, what is -262 + 1395?
1133
In base 11, what is -5823 - 24?
-5847
In base 14, what is -b52a + 4?
-b526
In base 15, what is 26c + 36?
2a3
In base 7, what is 43033 - 4?
43026
In base 10, what is -142 + -60?
-202
In base 16, what is -4 - -29ae1?
29add
In base 2, what is 1100000010010011000100 - -1?
1100000010010011000101
In base 12, what is -2 - -22b3b1?
22b3ab
In base 13, what is 9 + 3706?
3712
In base 3, what is 10 - -1022021212000?
1022021212010
In base 2, what is -100 - -11000110000100?
11000110000000
In base 4, what is 0 - -230033132?
230033132
In base 4, what is 3 - 123321?
-123312
In base 15, what is -4 + -2a33?
-2a37
In base 11, what is a29 + 30?
a59
In base 3, what is -100 - -110000110?
110000010
In base 7, what is -2620 - 466?
-3416
In base 11, what is -a0245 - -3?
-a0242
In base 10, what is -46 - 231?
-277
In base 2, what is 111000111 - 11101?
110101010
In base 12, what is -52 + 14a6?
1454
In base 12, what is -342b + 14?
-3417
In base 13, what is 1b0b - 38?
1aa3
In base 15, what is -1 + 313e?
313d
In base 9, what is 1385 - 273?
1112
In base 14, what is -409 - 18?
-423
In base 4, what is -11 - -200013?
200002
In base 3, what is 2 - 21021100220?
-21021100211
In base 8, what is -115 - 606?
-723
In base 5, what is -131412404 - -10?
-131412344
In base 6, what is -5101452 - -2?
-5101450
In base 3, what is -202020 - 120101?
-1022121
In base 6, what is -15025 + 24?
-15001
In base 7, what is 510 + -1026?
-216
In base 8, what is 53502 + -44?
53436
In base 7, what is -30 + 141214?
141154
In base 7, what is 13 + -350460?
-350444
In base 12, what is a99 + -119?
980
In base 8, what is -4 - 646?
-652
In base 13, what is 58 + -2b1?
-256
In base 8, what is 456 + -2441?
-1763
In base 16, what is 1f3 + f3?
2e6
In base 5, what is 1430123 - 2?
1430121
In base 8, what is -367433 + 1?
-367432
In base 3, what is -11121 - 101221?
-120112
In base 13, what is -13 + 15c1?
15ab
In base 13, what is -28a + -31?
-2bb
In base 11, what is -4 + 2a520?
2a517
In base 14, what is 10135 - 21?
10114
In base 11, what is -2 - 304a95?
-304a97
In base 12, what is 0 + 16052?
16052
In base 3, what is -1111212100 + 2?
-1111212021
In base 7, what is 1440 + 1643?
3413
In base 15, what is 5840 + 2?
5842
In base 11, what is -44 - -14830?
14797
In base 15, what is 4 + -16a8b?
-16a87
In base 13, what is -337 - 3b?
-375
In base 14, what is -5 + 5da05?
5da00
In base 14, what is -24 - -50ac3?
50a9d
In base 13, what is -7a - 4?
-81
In base 3, what is -10202 - -112102?
101200
In base 6, what is 5 - 144202?
-144153
In base 14, what is 14d - -1d8?
347
In base 10, what is 2 - 2242?
-2240
In base 14, what is -43b + -11?
-44c
In base 16, what is 11 - b81?
-b70
In base 3, what is -10 - -20022121112?
20022121102
In base 5, what is -143112 + -223?
-143340
In base 2, what is 1111010111100 + -10?
1111010111010
In base 13, what is -25 + -1490?
-14b5
In base 8, what is 2373215 + -4?
2373211
In base 7, what is 5 - 33?
-25
In base 2, what is 11111000011 + 10110?
11111011001
In base 5, what is -10 + -13314320?
-13314330
In base 14, what is 25a24 - 10?
25a14
In base 4, what is 2310230 - 110?
2310120
In base 8, what is 1162154 - 0?
1162154
In base 5, what is 1 - -101431?
101432
In base 15, what is 1 + 8de5?
8de6
In base 4, what is 22 - 1131330?
-1131302
In base 12, what is 1b - 26208?
-261a9
In base 6, what is 4 - -42413034?
42413042
In base 2, what is 10110100001000000001 + 101?
10110100001000000110
In base 14, what is 30d - d4?
219
In base 5, what is 4 - 1330?
-1321
In base 7, what is -5 + 42610?
42602
In base 13, what is 2 + 6b8b?
6b90
In base 10, what is -5 - -12688?
12683
In base 14, what is -a + -9b6?
-9c2
In base 2, what is 11110011000 + 111010100?
100101101100
In base 15, what is -5cd + -ad?
-68b
In base 12, what is -1775 + -6?
-177b
In base 9, what is -10 + 16078?
16068
In base 9, what is -7 - -32118?
32111
In base 13, what is -17 - -1b60?
1b46
In base 15, what is 48 - 9d6?
-98d
In base 7, what is -60 + -1666?
-2056
In base 13, what is -12595b - 5?
-125963
In base 14, what is -5bd - -85?
-538
In base 15, what is 2 - -ccd5?
ccd7
In base 16, what is 8 - 11cc?
-11c4
In base 14, what is a3358 + 4?
a335c
In base 15, what is e5 + -2a6b?
-2976
In base 15, what is 1a0 + -2ec?
-14c
In base 7, what is 424 - 520?
-63
In base 15, what is 9a04c + 2?
9a04e
In base 3, what is -10 - -112011202?
112011122
In base 10, what is 10 - 6150?
-6140
In base 2, what is 1101 - 111010110001?
-111010100100
In base 16, what is 2b + -19?
12
In base 10, what is 1365 - 922?
443
In base 3, what is 10201220 - -1?
10201221
In base 7, what is 36 - -103?
142
In base 9, what is -123 + 181?
57
In base 7, what is -325620 + -10?
-325630
In base 5, what is 1 + -3041443?
-3041442
In base 5, what is 3303434 - 2?
3303432
In base 6, what is -3024351 - -5?
-3024342
In base 2, what is 101 + -101100110011111101?
-101100110011111000
In base 3, what is -21102 - 122202?
-221011
In base 15, what is 476a3 + -4?
4769e
In base 11, what is -73 + -8282?
-8345
In base 15, what is 244 - -1c?
261
In base 15, what is 11e + -1b1?
-92
In base 13, what is -3 + 1271a?
12717
In base 4, what is -302 + 3?
-233
In base 16, what is 2 - f4e?
-f4c
In base 4, what is 2 + -220233232?
-220233230
In base 9, what is -52510 + -110?
-52620
In base 11, what is 51a + -42?
488
In base 4, what is -1 + 33201222?
33201221
In base 13, what is a + -a65?
-a58
In base 9, what is -8733 - 1?
-8734
In base 4, what is 133033122 - 20?
133033102
In base 12, what is 8a - a76?
-9a8
In base 2, what is -1101100 + -100001011011?
-100011000111
In base 7, what is -5600 - 154?
-6054
In base 4, what is 310213 - -12?
310231
In base 15, what is 6 + 4886?
488c
In base 4, what is -31 - -11012123?
11012032
In base 15, what is 24 + 252c?
2551
In base 7, what is 0 - -351655?
351655
In base 12, what is -10 - -897?
887
In base 9, what is -3413 + 2?
-3411
In base 11, what is 1387 + 22?
13a9
In base 9, what is 34 + -861?
-826
In base 8, what is 6526717 + -3?
6526714
In base 7, what is -3356 - 6506?
-13165
In base 8, what is -23562 - -2?
-23560
In base 11, what is 4 + 1118789?
1118792
In base 12, what is 1 - -16943?
16944
In base 13, what is 10705 - 5?
10700
In base 10, what is -109594 + -2?
-109596
In base 7, what is -1 + 156100?
156066
In base 4, what is 132 - 33100?
-32302
In base 12, what is -2 - -434921?
43491b
In base 3, what is 11212 - 22202?
-10220
In base 3, what is 110210110 - -221?
110211101
In base 11, what is -1 + -42454?
-42455
In base 13, what is 3c61 - 6?
3c58
In base 11, what is -233 - -10912?
1068a
In base 8, what is -1 + -2235077?
-2235100
In base 15, what is -2ba + -16d?
-438
In base 14, what is -1b - 666?
-683
In base 3, what is 11 + -200022020122?
-200022020111
In base 16, what is -2d9 - -47b?
1a2
In base 13, what is -891 - 2c?
-8c0
In base 7, what is 3 + -5203434?
-5203431
In base 5, what is 4041143 + -32?
4041111
In base 2, what is 10000 - -11011001101011000?
11011001101101000
In base 5, what is 20322 - 1444?
13323
In base 11, what is -1177 + 76?
-1101
In base 9, what is -1274 + 70?
-1204
In base 4, what is 20032301030 + -1?
20032301023
In base 16, what is -a204 - 28?
-a22c
In base 13, what is -46 - -1762?
1719
In base 3, what is -221 - 212001002?
-212002000
In base 3, what is 10 + 2112201?
2112211
In base 10, what is 15998 + -21?
15977
In base 8, what is 1 - 20423?
-20422
In base 16, what is 105 - -137?
23c
In base 11, what is 10 + 124555?
124565
In base 15, what is 2 - db58?
-db56
In base 14, what is -5 - -aa14?
aa0d
In base 6, what is 54121035 + -3?
54121032
In base 2, what is 110101 - -1001011100000101?
1001011100111010
In base 6, what is -133 + 140100?
135523
In base 9, wha